 v(w) = -w**3 + 9*w**2 + 18. Let s be v(9). What is the greatest common factor of s and 9?
9
Let q be -4*5/100 - 152/(-10). What is the highest common divisor of 3 and q?
3
Let v be (3/(-2))/((-3)/8). Calculate the highest common factor of v and 36.
4
Let y be (9/12)/((-2)/(-8)). Let i = 5 + -1. Suppose -c = y*c - i. What is the highest common factor of 3 and c?
1
Let g = 4 + -14. Let r be (-37)/(-7) + g/35. What is the highest common factor of 45 and r?
5
Let s be (-91)/(-14) - (-1)/2. Suppose -48 + 733 = 5*y. Let q = y - 81. What is the highest common divisor of q and s?
7
Suppose 62 = 3*c - 136. What is the greatest common factor of c and 6?
6
Suppose 4*z - 4*q + 12 = 0, 5*q - 3*q - 6 = 3*z. Suppose a - 12 - 5 = z. What is the highest common divisor of 68 and a?
17
Suppose 0 = -i + 3, 0*m - 51 = -4*m - i. Let z be ((-34)/(-2 + 1))/2. Let v = z - m. Calculate the greatest common factor of v and 1.
1
Suppose 6*f - 736 = 368. What is the greatest common factor of f and 23?
23
Let w = 24 + -22. Suppose 15 = -2*c - 5*v, 3*c + 2*v + w*v = -5. Calculate the greatest common divisor of 1 and c.
1
Suppose 0*w = -5*w + 185. Let d = w + -22. Calculate the greatest common factor of d and 90.
15
Let s(y) = -3*y**3 - 7*y**2 - y - 5. Let u(l) = -4*l**3 - l**2 - l + 1. Let o be u(1). Let m be s(o). What is the greatest common divisor of 20 and m?
20
Suppose -n - 9 + 4 = 0, 3*r + 3*n = -3. Let m(y) = y**2 - 3*y - 2. Let k be m(r). Suppose 2*s + k - 14 = 0. What is the greatest common divisor of 6 and s?
6
Let n(l) = -12*l + 6. Let x be n(-5). Calculate the greatest common factor of x and 22.
22
Let b be ((-4)/6)/((-2)/15). Let l = 7 - b. Suppose -4 - 17 = -3*h + 3*u, 2 = -l*u. What is the highest common divisor of h and 2?
2
Let z(x) = x**3 - 7*x**2 + 8*x - 6. Let f be z(6). Let a = 22 - 7. Calculate the highest common divisor of a and f.
3
Suppose 0 = -3*f - 10 + 4. Let m = 11 - f. Calculate the greatest common divisor of 91 and m.
13
Suppose -3*k + v = -225, v = -5*k - 3*v + 392. What is the highest common divisor of 190 and k?
38
Suppose 36 = -14*h + 16*h. What is the highest common divisor of 72 and h?
18
Let b(s) = 6*s**2 - 2*s. Let n be b(-2). Suppose -w = 2*c - 3*c + 9, -15 = -c + 4*w. Calculate the greatest common factor of c and n.
7
Suppose -6*f + 0*f + 102 = 0. Calculate the greatest common divisor of f and 187.
17
Let x(m) = m**3 - 8*m**2 + 11*m - 6. Let f be x(7). Suppose -2*s - 3*j + f = 0, j = -3*s + 14 + 19. What is the highest common divisor of s and 121?
11
Suppose 4*k - 6 - 10 = 0. Calculate the highest common divisor of 2 and k.
2
Suppose -5*g + 821 - 86 = 0. Let f = g - 9. What is the highest common factor of f and 23?
23
Suppose 0 = 5*r - 2*r + 12. Let n = 8 + r. Let p be 1/n + 19/4. Calculate the greatest common divisor of 45 and p.
5
Let u = 79 - 65. Let t = -38 + 136. Calculate the greatest common factor of t and u.
14
Let k = -6 - -10. Suppose k*s - 5*w = 88, w - 26 = -5*s + 55. What is the highest common factor of s and 17?
17
Suppose -5*x + 81 = -3*x - 3*r, -4*r - 82 = -2*x. Calculate the highest common factor of x and 13.
13
Let s = -119 - -59. Let v = s - -86. What is the highest common factor of v and 65?
13
Suppose 26 = 2*w + 2*y - y, 0 = w + 5*y - 22. Calculate the highest common divisor of w and 84.
12
Let g(o) = -o**2 - 9*o + 1. Let c be g(-6). Calculate the greatest common divisor of 95 and c.
19
Let f = 58 - 44. What is the highest common divisor of f and 140?
14
Suppose -f + 6*f = -10. Let z be (-1)/f - (-79)/2. Calculate the greatest common factor of 16 and z.
8
Let r = -6 - -16. Calculate the highest common divisor of 2 and r.
2
Let r(u) = 2*u**2 - 3*u - 2. Let q be r(-4). What is the highest common factor of q and 28?
14
Let f = 35 - 23. Let h be 52 - (f - 3)/(-3). What is the greatest common factor of h and 5?
5
Suppose -v = -m + 2*m + 2, m = v - 4. Calculate the highest common factor of 1 and v.
1
Suppose 0 = 3*r + 5*p - 76 - 102, 170 = 3*r + p. Calculate the greatest common divisor of r and 14.
14
Suppose 0 = 9*q - 1514 - 1384. What is the greatest common divisor of q and 46?
46
Let z = 39 - -11. Calculate the greatest common divisor of 20 and z.
10
Let m(h) = -h**2 + 5*h + 7. Let u be m(5). Let f(s) = 12*s + 6. Let v be f(u). Let p = 22 + -12. What is the greatest common divisor of v and p?
10
Let p be (16/(-10))/(4/30). Let r be (p/10)/(1/(-10)). Let j be ((-30)/12)/((-2)/r). Calculate the greatest common divisor of 60 and j.
15
Suppose 3*v + 582 = 3*k, -v = -k + 3*v + 182. Calculate the greatest common divisor of k and 22.
22
Suppose 0 = 2*m - 0*m - 144. What is the highest common factor of 24 and m?
24
Let z(x) = 4*x**3 - 3*x**2 + 1. Let f be z(2). Let m = 420 - 231. What is the greatest common divisor of f and m?
21
Let y(x) = -3*x + 69. Let j be y(0). Calculate the greatest common divisor of j and 23.
23
Let w(u) = u**2 + 5*u + 4. Let p be w(-4). Suppose -5*z + 130 + 170 = p. Calculate the highest common divisor of z and 15.
15
Suppose -3*u - 165 = -7*u + k, 5*u - 3*k - 215 = 0. Suppose 2*b = 14*b - 60. Calculate the greatest common divisor of b and u.
5
Let q = 74 - 30. What is the highest common divisor of 11 and q?
11
Suppose -4*v - 4*q + 7 = -25, 44 = 3*v - 2*q. What is the greatest common factor of v and 12?
12
Suppose -4*a = 4*p - 48, -3*p + 5*p = 2*a + 12. Let o be (-10)/45 + 722/p. Suppose 4*z - 38 - 3 = y, 2*y = -2. What is the highest common divisor of z and o?
10
Let p be (-13)/(-52) - (-1 + (-119)/4). What is the highest common divisor of p and 62?
31
Suppose -3*a = g - 237, 0*a - 8 = -2*a. What is the greatest common divisor of 90 and g?
45
Suppose -12 = 2*d - 3*d. Let k(u) = -u + 27. Let r be k(-21). Calculate the greatest common factor of r and d.
12
Let r = 829 - 522. Suppose 7*g = 393 + r. Calculate the highest common divisor of 40 and g.
20
Let r(p) = p**2 + p - 1. Let k be r(-5). Calculate the greatest common divisor of k and 19.
19
Let a(t) = 2*t**2 - 7*t**2 + 8 - 8*t + 4*t**2. Let s be a(-8). Let x = 12 - 0. Calculate the greatest common divisor of s and x.
4
Let g be ((-10)/15)/((-2)/3). Let o(u) = -u**2 + 11. Let a be o(0). What is the highest common divisor of a and g?
1
Suppose -4*m + 3*k = -4, -k + 27 = 4*m + 7. Suppose g + 4*h - h + 13 = 0, 2*g = m*h + 24. Calculate the greatest common factor of g and 2.
2
Let j = -5 - -5. Suppose q - 64 - 62 = j. What is the highest common factor of 14 and q?
14
Let g be (3 + 2)*8/20. Suppose -g*u + 24 = 3*k, -3*u + 54 = 4*k + 16. Calculate the greatest common divisor of u and 72.
18
Suppose -620 - 52 = -7*n. Calculate the highest common factor of n and 12.
12
Let x = -12 + 32. Calculate the highest common factor of 50 and x.
10
Suppose 0 = -0*x - 5*x + 40. What is the highest common divisor of x and 24?
8
Let b(o) = -4*o + 2. Let q be b(-2). Let x be (-2)/4*(1 + -11). What is the highest common divisor of q and x?
5
Let w(o) = -o + 4. Let i be w(5). Let x(c) = -52*c - 1. Let t be x(i). Let a = t - 31. What is the highest common divisor of 50 and a?
10
Let r be (-4)/(-2) + -1 - -55. Let i(w) = 0 - 1 + 2*w + 2*w. Let k be i(2). Calculate the greatest common divisor of r and k.
7
Let x be (-8 + 5 + 5/2)*-2. What is the greatest common divisor of 3 and x?
1
Let j(k) = -36*k + 5. Let f(i) = -18*i + 3. Let r(a) = 11*f(a) - 6*j(a). Let u be r(4). What is the highest common factor of 30 and u?
15
Suppose 0 = 4*f - 5 - 123. What is the highest common divisor of 40 and f?
8
Suppose -p + 49 + 158 = 0. Let x = 30 - 7. What is the greatest common factor of p and x?
23
Let c = 4 + 8. What is the highest common divisor of c and 12?
12
Let v = 8 + 6. Let s be 2*1 - (-20 - -1). Calculate the greatest common divisor of v and s.
7
Suppose -s = 3*s - 12. Let k(d) = -3 + 0*d**3 - 8*d + 2*d**3 - s*d**3 + 11*d**2. Let n be k(10). Calculate the highest common divisor of 85 and n.
17
Let g(z) = 4*z - 24. Let h be g(11). Let r(p) = p**2 + 2*p. Let b be r(8). What is the greatest common divisor of b and h?
20
Let k be 54/(-21)*(-14)/2. Let p(m) = 9*m - 2 - m - m. Let o be p(2). What is the greatest common factor of k and o?
6
Let k = -69 + 81. Calculate the greatest common factor of k and 4.
4
Let b(w) = w**2 + 4*w + 3. Let u be b(-7). What is the greatest common facto